{"id":235,"date":"2020-08-30T20:10:14","date_gmt":"2020-08-30T20:10:14","guid":{"rendered":"http:\/\/www.studio33center.com\/?page_id=235"},"modified":"2020-09-15T17:29:08","modified_gmt":"2020-09-15T17:29:08","slug":"contratos-de-formacion","status":"publish","type":"page","link":"https:\/\/www.studio33center.com\/index.php\/contratos-de-formacion\/","title":{"rendered":"Contratos de Formaci\u00f3n"},"content":{"rendered":"\t\t<div data-elementor-type=\"wp-page\" data-elementor-id=\"235\" class=\"elementor elementor-235\">\n\t\t\t\t\t\t<div class=\"elementor-inner\">\n\t\t\t\t<div class=\"elementor-section-wrap\">\n\t\t\t\t\t\t\t\t\t<section class=\"elementor-section elementor-top-section elementor-element elementor-element-437ddbf9 elementor-section-content-middle elementor-section-boxed elementor-section-height-default elementor-section-height-default\" data-id=\"437ddbf9\" data-element_type=\"section\">\n\t\t\t\t\t\t<div class=\"elementor-container elementor-column-gap-no\">\n\t\t\t\t\t\t\t<div class=\"elementor-row\">\n\t\t\t\t\t<div class=\"elementor-column elementor-col-100 elementor-top-column elementor-element elementor-element-7cf44c32\" data-id=\"7cf44c32\" data-element_type=\"column\">\n\t\t\t<div class=\"elementor-column-wrap elementor-element-populated\">\n\t\t\t\t\t\t\t<div class=\"elementor-widget-wrap\">\n\t\t\t\t\t\t<div class=\"elementor-element elementor-element-4dc1d5c1 elementor-widget elementor-widget-heading\" data-id=\"4dc1d5c1\" data-element_type=\"widget\" data-widget_type=\"heading.default\">\n\t\t\t\t<div class=\"elementor-widget-container\">\n\t\t\t<h4 class=\"elementor-heading-title elementor-size-medium\">Que s\u00f3n y sus Beneficios:<\/h4>\t\t<\/div>\n\t\t\t\t<\/div>\n\t\t\t\t<section class=\"elementor-section elementor-inner-section elementor-element elementor-element-6975b5eb elementor-section-content-middle elementor-section-boxed elementor-section-height-default elementor-section-height-default\" data-id=\"6975b5eb\" data-element_type=\"section\">\n\t\t\t\t\t\t<div class=\"elementor-container elementor-column-gap-no\">\n\t\t\t\t\t\t\t<div class=\"elementor-row\">\n\t\t\t\t\t<div class=\"elementor-column elementor-col-50 elementor-inner-column elementor-element elementor-element-2b054e64\" data-id=\"2b054e64\" data-element_type=\"column\">\n\t\t\t<div class=\"elementor-column-wrap elementor-element-populated\">\n\t\t\t\t\t\t\t<div class=\"elementor-widget-wrap\">\n\t\t\t\t\t\t<div class=\"elementor-element elementor-element-7bd050ea elementor-widget elementor-widget-image\" data-id=\"7bd050ea\" data-element_type=\"widget\" data-widget_type=\"image.default\">\n\t\t\t\t<div class=\"elementor-widget-container\">\n\t\t\t\t\t\t\t\t<div class=\"elementor-image\">\n\t\t\t\t\t\t\t\t\t\t\t\t<img loading=\"-\" decoding=\"async\" decoding=\"async\" width=\"1024\" height=\"576\" src=\"https:\/\/www.studio33center.com\/wp-content\/uploads\/2020\/08\/Teleformac-1024x576.jpg\" class=\"attachment-large size-large\" alt=\"\" srcset=\"https:\/\/www.studio33center.com\/wp-content\/uploads\/2020\/08\/Teleformac-1024x576.jpg 1024w, https:\/\/www.studio33center.com\/wp-content\/uploads\/2020\/08\/Teleformac-300x169.jpg 300w, https:\/\/www.studio33center.com\/wp-content\/uploads\/2020\/08\/Teleformac-768x432.jpg 768w, https:\/\/www.studio33center.com\/wp-content\/uploads\/2020\/08\/Teleformac-600x337.jpg 600w, https:\/\/www.studio33center.com\/wp-content\/uploads\/2020\/08\/Teleformac.jpg 1170w\" sizes=\"(max-width: 1024px) 100vw, 1024px\" loading=\"lazy\" \/>\t\t\t\t\t\t\t\t\t\t\t\t\t\t<\/div>\n\t\t\t\t\t\t<\/div>\n\t\t\t\t<\/div>\n\t\t\t\t\t\t<\/div>\n\t\t\t\t\t<\/div>\n\t\t<\/div>\n\t\t\t\t<div class=\"elementor-column elementor-col-50 elementor-inner-column elementor-element elementor-element-4e011c4\" data-id=\"4e011c4\" data-element_type=\"column\">\n\t\t\t<div class=\"elementor-column-wrap elementor-element-populated\">\n\t\t\t\t\t\t\t<div class=\"elementor-widget-wrap\">\n\t\t\t\t\t\t<div class=\"elementor-element elementor-element-476765dd elementor-widget elementor-widget-heading\" data-id=\"476765dd\" data-element_type=\"widget\" data-widget_type=\"heading.default\">\n\t\t\t\t<div class=\"elementor-widget-container\">\n\t\t\t<h2 class=\"elementor-heading-title elementor-size-default\">En qu\u00e9 Consisten<\/h2>\t\t<\/div>\n\t\t\t\t<\/div>\n\t\t\t\t<div class=\"elementor-element elementor-element-69ac77bd elementor-widget elementor-widget-text-editor\" data-id=\"69ac77bd\" data-element_type=\"widget\" data-widget_type=\"text-editor.default\">\n\t\t\t\t<div class=\"elementor-widget-container\">\n\t\t\t\t\t\t\t\t<div class=\"elementor-text-editor elementor-clearfix\">\n\t\t\t\t<p>Modalidad de contrato laboral creado para incentivar la contrataci\u00f3n de j\u00f3venes (de 16 a 25 a\u00f1os), potenciar formaci\u00f3n profesional te\u00f3rica y pr\u00e1ctica propia de un oficio, obteniendo as\u00ed un puesto de trabajo.Es bonificado, la empresa puede reducirse el 100% de los Seguros Sociales.\u00a0 \u00a0 \u00a0 \u00a0Servicios asociados:\u00a0 \u00a0 \u00a0 *Impartici\u00f3n, tutorizaci\u00f3n y seguimiento de formaci\u00f3n.* Gesti\u00f3n, env\u00edo de documentaci\u00f3n para tramitarlo (SEPE).<\/p>\t\t\t\t\t<\/div>\n\t\t\t\t\t\t<\/div>\n\t\t\t\t<\/div>\n\t\t\t\t\t\t<\/div>\n\t\t\t\t\t<\/div>\n\t\t<\/div>\n\t\t\t\t\t\t\t\t<\/div>\n\t\t\t\t\t<\/div>\n\t\t<\/section>\n\t\t\t\t<section class=\"elementor-section elementor-inner-section elementor-element elementor-element-612cf397 elementor-section-content-middle elementor-reverse-mobile elementor-section-boxed elementor-section-height-default elementor-section-height-default\" data-id=\"612cf397\" data-element_type=\"section\">\n\t\t\t\t\t\t<div class=\"elementor-container elementor-column-gap-no\">\n\t\t\t\t\t\t\t<div class=\"elementor-row\">\n\t\t\t\t\t<div class=\"elementor-column elementor-col-50 elementor-inner-column elementor-element elementor-element-44784d1d\" data-id=\"44784d1d\" data-element_type=\"column\">\n\t\t\t<div class=\"elementor-column-wrap elementor-element-populated\">\n\t\t\t\t\t\t\t<div class=\"elementor-widget-wrap\">\n\t\t\t\t\t\t<div class=\"elementor-element elementor-element-39ab129f elementor-widget elementor-widget-text-editor\" data-id=\"39ab129f\" data-element_type=\"widget\" data-widget_type=\"text-editor.default\">\n\t\t\t\t<div class=\"elementor-widget-container\">\n\t\t\t\t\t\t\t\t<div class=\"elementor-text-editor elementor-clearfix\">\n\t\t\t\t<p><strong>DURACI\u00d3N Y EDAD :<\/strong> Posibilidad de hasta 3 a\u00f1os seg\u00fan ocupaci\u00f3n. <strong>Mayores de 16 a\u00f1os y menores de 25 a\u00f1os.<\/strong><\/p><p><strong>JORNADA<\/strong>: 1\u00ba a\u00f1o: 75% son horas de trabajo efectivo y 25% de formaci\u00f3n. 2\u00ba y 3\u00ba a\u00f1o:85% de trabajo efectivo y el 15% de formaci\u00f3n.\u00a0 \u00a0 \u00a0 \u00a0 \u00a0 \u00a0 \u00a0 \u00a0 \u00a0 \u00a0 \u00a0 \u00a0 \u00a0 \u00a0 \u00a0 \u00a0 \u00a0 \u00a0 \u00a0 \u00a0 \u00a0 \u00a0 \u00a0 <strong>SALARIO:<\/strong>1\u00ba a\u00f1o: 75% del salario seg\u00fan convenio o 75% del salario m\u00ednimo interprofesional. (85% el 2\u00ba y 3\u00ba a\u00f1o)<\/p><p>*El trabajador percibir\u00e1\u00a0<strong>Prestaci\u00f3n por desempleo y Cobertura total<\/strong> de la Seguridad Social. No hay indemnizaci\u00f3n cuando finaliza el contrato.\u00a0 \u00a0 \u00a0 \u00a0 \u00a0 \u00a0 \u00a0 \u00a0 \u00a0 \u00a0 \u00a0<\/p><p>\u00a0*<strong>El TRABAJADOR tiene los mismos derechos y beneficios que con el resto de contratos laboral<\/strong><\/p>\t\t\t\t\t<\/div>\n\t\t\t\t\t\t<\/div>\n\t\t\t\t<\/div>\n\t\t\t\t\t\t<\/div>\n\t\t\t\t\t<\/div>\n\t\t<\/div>\n\t\t\t\t<div class=\"elementor-column elementor-col-50 elementor-inner-column elementor-element elementor-element-38bdde83\" data-id=\"38bdde83\" data-element_type=\"column\">\n\t\t\t<div class=\"elementor-column-wrap elementor-element-populated\">\n\t\t\t\t\t\t\t<div class=\"elementor-widget-wrap\">\n\t\t\t\t\t\t<div class=\"elementor-element elementor-element-5bcf36ab elementor-widget elementor-widget-image\" data-id=\"5bcf36ab\" data-element_type=\"widget\" data-widget_type=\"image.default\">\n\t\t\t\t<div class=\"elementor-widget-container\">\n\t\t\t\t\t\t\t\t<div class=\"elementor-image\">\n\t\t\t\t\t\t\t\t\t\t\t\t<img loading=\"-\" decoding=\"async\" decoding=\"async\" width=\"689\" height=\"450\" src=\"https:\/\/www.studio33center.com\/wp-content\/uploads\/2020\/08\/gremio.jpg\" class=\"attachment-large size-large\" alt=\"\" srcset=\"https:\/\/www.studio33center.com\/wp-content\/uploads\/2020\/08\/gremio.jpg 689w, https:\/\/www.studio33center.com\/wp-content\/uploads\/2020\/08\/gremio-300x196.jpg 300w, https:\/\/www.studio33center.com\/wp-content\/uploads\/2020\/08\/gremio-600x392.jpg 600w\" sizes=\"(max-width: 689px) 100vw, 689px\" loading=\"lazy\" \/>\t\t\t\t\t\t\t\t\t\t\t\t\t\t<\/div>\n\t\t\t\t\t\t<\/div>\n\t\t\t\t<\/div>\n\t\t\t\t\t\t<\/div>\n\t\t\t\t\t<\/div>\n\t\t<\/div>\n\t\t\t\t\t\t\t\t<\/div>\n\t\t\t\t\t<\/div>\n\t\t<\/section>\n\t\t\t\t\t\t<\/div>\n\t\t\t\t\t<\/div>\n\t\t<\/div>\n\t\t\t\t\t\t\t\t<\/div>\n\t\t\t\t\t<\/div>\n\t\t<\/section>\n\t\t\t\t<section class=\"elementor-section elementor-top-section elementor-element elementor-element-30686784 elementor-section-content-middle elementor-section-boxed elementor-section-height-default elementor-section-height-default\" data-id=\"30686784\" data-element_type=\"section\">\n\t\t\t\t\t\t<div class=\"elementor-container elementor-column-gap-no\">\n\t\t\t\t\t\t\t<div class=\"elementor-row\">\n\t\t\t\t\t<div class=\"elementor-column elementor-col-100 elementor-top-column elementor-element elementor-element-3d1ceb19\" data-id=\"3d1ceb19\" data-element_type=\"column\">\n\t\t\t<div class=\"elementor-column-wrap elementor-element-populated\">\n\t\t\t\t\t\t\t<div class=\"elementor-widget-wrap\">\n\t\t\t\t\t\t<section class=\"elementor-section elementor-inner-section elementor-element elementor-element-46c0bb5c elementor-section-content-middle elementor-section-boxed elementor-section-height-default elementor-section-height-default\" data-id=\"46c0bb5c\" data-element_type=\"section\">\n\t\t\t\t\t\t<div class=\"elementor-container elementor-column-gap-no\">\n\t\t\t\t\t\t\t<div class=\"elementor-row\">\n\t\t\t\t\t<div class=\"elementor-column elementor-col-50 elementor-inner-column elementor-element elementor-element-201ad14f\" data-id=\"201ad14f\" data-element_type=\"column\">\n\t\t\t<div class=\"elementor-column-wrap elementor-element-populated\">\n\t\t\t\t\t\t\t<div class=\"elementor-widget-wrap\">\n\t\t\t\t\t\t<div class=\"elementor-element elementor-element-7bc8a191 elementor-widget elementor-widget-image\" data-id=\"7bc8a191\" data-element_type=\"widget\" data-widget_type=\"image.default\">\n\t\t\t\t<div class=\"elementor-widget-container\">\n\t\t\t\t\t\t\t\t<div class=\"elementor-image\">\n\t\t\t\t\t\t\t\t\t\t\t\t<img loading=\"-\" decoding=\"async\" decoding=\"async\" width=\"680\" height=\"453\" src=\"https:\/\/www.studio33center.com\/wp-content\/uploads\/2020\/08\/contratadobarba.jpg\" class=\"attachment-large size-large\" alt=\"\" srcset=\"https:\/\/www.studio33center.com\/wp-content\/uploads\/2020\/08\/contratadobarba.jpg 680w, https:\/\/www.studio33center.com\/wp-content\/uploads\/2020\/08\/contratadobarba-300x200.jpg 300w, https:\/\/www.studio33center.com\/wp-content\/uploads\/2020\/08\/contratadobarba-600x400.jpg 600w\" sizes=\"(max-width: 680px) 100vw, 680px\" loading=\"lazy\" \/>\t\t\t\t\t\t\t\t\t\t\t\t\t\t<\/div>\n\t\t\t\t\t\t<\/div>\n\t\t\t\t<\/div>\n\t\t\t\t\t\t<\/div>\n\t\t\t\t\t<\/div>\n\t\t<\/div>\n\t\t\t\t<div class=\"elementor-column elementor-col-50 elementor-inner-column elementor-element elementor-element-23d07c11\" data-id=\"23d07c11\" data-element_type=\"column\">\n\t\t\t<div class=\"elementor-column-wrap elementor-element-populated\">\n\t\t\t\t\t\t\t<div class=\"elementor-widget-wrap\">\n\t\t\t\t\t\t<div class=\"elementor-element elementor-element-d6ba0fd elementor-widget elementor-widget-heading\" data-id=\"d6ba0fd\" data-element_type=\"widget\" data-widget_type=\"heading.default\">\n\t\t\t\t<div class=\"elementor-widget-container\">\n\t\t\t<h2 class=\"elementor-heading-title elementor-size-default\">Beneficios para Empresas<\/h2>\t\t<\/div>\n\t\t\t\t<\/div>\n\t\t\t\t<div class=\"elementor-element elementor-element-7fee4a3b elementor-widget elementor-widget-text-editor\" data-id=\"7fee4a3b\" data-element_type=\"widget\" data-widget_type=\"text-editor.default\">\n\t\t\t\t<div class=\"elementor-widget-container\">\n\t\t\t\t\t\t\t\t<div class=\"elementor-text-editor elementor-clearfix\">\n\t\t\t\t<p class=\"h5  icon-box-extended__title\"><strong>Coste Cero:<\/strong>100% bonificadas cuotas de Seguridad Social de trabajadores desempleados, inscritos en Inem. Bonificable el coste de la formaci\u00f3n te\u00f3rica*.\u00a0 \u00a0 \u00a0 \u00a0 \u00a0 \u00a0 \u00a0 \u00a0 \u00a0 <strong>No penaliza<\/strong>:En caso de despedir al trabajador, NO EXIGE\u00a0 devoluci\u00f3n de los beneficios en Seguridad Social o bonificaci\u00f3n de la formaci\u00f3n. (Respet\u00e1ndo obligaciones del contrato).\u00a0 \u00a0 \u00a0 \u00a0 \u00a0 \u00a0 \u00a0 \u00a0 \u00a0 \u00a0 \u00a0 \u00a0 \u00a0 \u00a0 \u00a0 \u00a0 <strong>Bonificaci\u00f3n<\/strong>:Por transformar a contrato\u00a0 indefinido: en las cuotas S.Social 1.500\u20ac anuales al contratar hombres y 1.800\u20ac a mujeres durante 3 a\u00f1os.\u00a0 \u00a0 \u00a0 \u00a0<strong>Adicional:\u00a0 \u00a0 \u00a0 <\/strong>Bonificaci\u00f3n adicional por tutorizaci\u00f3n de la empresa: m\u00e1xima 1,5\u20ac por alumno y hora(m\u00e1ximo de 40 horas) y en empresas de menos de cinco trabajadores: m\u00e1ximo 2\u20ac=<strong>80\u20ac<\/strong> por mes y alumno.\u00a0 *NO exige el mantenimiento del nivel de empleo alcanzado con la contrataci\u00f3n.\u00a0 \u00a0 \u00a0 \u00a0 \u00a0 * El aut\u00f3nomo puede contratar a su hijo y beneficiarse de bonificaciones y reducciones (sin derecho a desempleo si convive con \u00e9l).<\/p><p>\u00a0<\/p>\t\t\t\t\t<\/div>\n\t\t\t\t\t\t<\/div>\n\t\t\t\t<\/div>\n\t\t\t\t\t\t<\/div>\n\t\t\t\t\t<\/div>\n\t\t<\/div>\n\t\t\t\t\t\t\t\t<\/div>\n\t\t\t\t\t<\/div>\n\t\t<\/section>\n\t\t\t\t<section class=\"elementor-section elementor-inner-section elementor-element elementor-element-5059e8e9 elementor-section-content-middle elementor-reverse-mobile elementor-section-boxed elementor-section-height-default elementor-section-height-default\" data-id=\"5059e8e9\" data-element_type=\"section\">\n\t\t\t\t\t\t<div class=\"elementor-container elementor-column-gap-no\">\n\t\t\t\t\t\t\t<div class=\"elementor-row\">\n\t\t\t\t\t<div class=\"elementor-column elementor-col-50 elementor-inner-column elementor-element elementor-element-324bbcc8\" data-id=\"324bbcc8\" data-element_type=\"column\">\n\t\t\t<div class=\"elementor-column-wrap elementor-element-populated\">\n\t\t\t\t\t\t\t<div class=\"elementor-widget-wrap\">\n\t\t\t\t\t\t<div class=\"elementor-element elementor-element-74ce4c45 elementor-widget elementor-widget-heading\" data-id=\"74ce4c45\" data-element_type=\"widget\" data-widget_type=\"heading.default\">\n\t\t\t\t<div class=\"elementor-widget-container\">\n\t\t\t<h2 class=\"elementor-heading-title elementor-size-default\">Beneficios para el trabajador<\/h2>\t\t<\/div>\n\t\t\t\t<\/div>\n\t\t\t\t<div class=\"elementor-element elementor-element-7e196c7a elementor-widget elementor-widget-text-editor\" data-id=\"7e196c7a\" data-element_type=\"widget\" data-widget_type=\"text-editor.default\">\n\t\t\t\t<div class=\"elementor-widget-container\">\n\t\t\t\t\t\t\t\t<div class=\"elementor-text-editor elementor-clearfix\">\n\t\t\t\t<p><strong>Oportunidad laboral:<\/strong> aprender una profesi\u00f3n alternando trabajo y formaci\u00f3n.\u00a0 \u00a0 \u00a0 \u00a0 \u00a0 \u00a0 \u00a0 \u00a0 \u00a0 \u00a0 \u00a0 \u00a0 \u00a0 \u00a0 \u00a0 \u00a0 \u00a0 \u00a0 \u00a0 \u00a0 \u00a0 \u00a0 \u00a0 \u00a0 <strong>Formaci\u00f3n oficial y gratuita<\/strong>: Certificado de Profesionalidad, gratuita y acreditada por el Ministerio de Empleo.\u00a0 * Derecho a la prestaci\u00f3n por <strong>desempleo<\/strong>.\u00a0<\/p><p class=\"h5  icon-box-extended__title\"><strong>Cobertura S.Social<\/strong>: Tiene cubiertas las mismas garant\u00edas que cualquier contrato.<\/p><p class=\"h5  icon-box-extended__title\"><strong>Duraci\u00f3n del contrato<\/strong>:\u00a0Periodo m\u00ednimo de un a\u00f1o prorrogable hasta 3 a\u00f1os, seg\u00fan convenio.<\/p><p>*** Aquellas empresas que contraten <b>j\u00f3venes de 18 a 29 a\u00f1os <\/b>inscritos en Garant\u00eda Juvenil<b>, con un contrato<\/b> de Formaci\u00f3n, <b>podr\u00e1n beneficiarse de 4800\u20ac m\u00e1s<\/b>.<\/p><p>\u00a0<\/p>\t\t\t\t\t<\/div>\n\t\t\t\t\t\t<\/div>\n\t\t\t\t<\/div>\n\t\t\t\t\t\t<\/div>\n\t\t\t\t\t<\/div>\n\t\t<\/div>\n\t\t\t\t<div class=\"elementor-column elementor-col-50 elementor-inner-column elementor-element elementor-element-337e0f42\" data-id=\"337e0f42\" data-element_type=\"column\">\n\t\t\t<div class=\"elementor-column-wrap elementor-element-populated\">\n\t\t\t\t\t\t\t<div class=\"elementor-widget-wrap\">\n\t\t\t\t\t\t<div class=\"elementor-element elementor-element-4c073a7e elementor-widget elementor-widget-image\" data-id=\"4c073a7e\" data-element_type=\"widget\" data-widget_type=\"image.default\">\n\t\t\t\t<div class=\"elementor-widget-container\">\n\t\t\t\t\t\t\t\t<div class=\"elementor-image\">\n\t\t\t\t\t\t\t\t\t\t\t\t<img loading=\"-\" decoding=\"async\" decoding=\"async\" width=\"600\" height=\"400\" src=\"https:\/\/www.studio33center.com\/wp-content\/uploads\/2020\/08\/curso-bar-restaurante-con-practicas-600x400-1.jpg\" class=\"attachment-large size-large\" alt=\"\" srcset=\"https:\/\/www.studio33center.com\/wp-content\/uploads\/2020\/08\/curso-bar-restaurante-con-practicas-600x400-1.jpg 600w, https:\/\/www.studio33center.com\/wp-content\/uploads\/2020\/08\/curso-bar-restaurante-con-practicas-600x400-1-300x200.jpg 300w\" sizes=\"(max-width: 600px) 100vw, 600px\" loading=\"lazy\" \/>\t\t\t\t\t\t\t\t\t\t\t\t\t\t<\/div>\n\t\t\t\t\t\t<\/div>\n\t\t\t\t<\/div>\n\t\t\t\t\t\t<\/div>\n\t\t\t\t\t<\/div>\n\t\t<\/div>\n\t\t\t\t\t\t\t\t<\/div>\n\t\t\t\t\t<\/div>\n\t\t<\/section>\n\t\t\t\t\t\t<\/div>\n\t\t\t\t\t<\/div>\n\t\t<\/div>\n\t\t\t\t\t\t\t\t<\/div>\n\t\t\t\t\t<\/div>\n\t\t<\/section>\n\t\t\t\t\t\t\t\t\t<\/div>\n\t\t\t<\/div>\n\t\t\t\t\t<\/div>\n\t\t","protected":false},"excerpt":{"rendered":"<p>Que s\u00f3n y sus Beneficios: En qu\u00e9 Consisten Modalidad de contrato laboral creado para incentivar la contrataci\u00f3n de j\u00f3venes (de 16 a 25 a\u00f1os), potenciar formaci\u00f3n profesional te\u00f3rica y pr\u00e1ctica propia de un oficio, obteniendo as\u00ed un puesto de trabajo.Es bonificado, la empresa puede reducirse el 100% de los Seguros Sociales.\u00a0 \u00a0 \u00a0 \u00a0Servicios asociados:\u00a0 &hellip;<\/p>\n<p class=\"read-more\"> <a class=\"\" href=\"https:\/\/www.studio33center.com\/index.php\/contratos-de-formacion\/\"> <span class=\"screen-reader-text\">Contratos de Formaci\u00f3n<\/span> Leer m\u00e1s &raquo;<\/a><\/p>\n","protected":false},"author":1,"featured_media":0,"parent":0,"menu_order":0,"comment_status":"closed","ping_status":"closed","template":"","meta":[],"_links":{"self":[{"href":"https:\/\/www.studio33center.com\/index.php\/wp-json\/wp\/v2\/pages\/235"}],"collection":[{"href":"https:\/\/www.studio33center.com\/index.php\/wp-json\/wp\/v2\/pages"}],"about":[{"href":"https:\/\/www.studio33center.com\/index.php\/wp-json\/wp\/v2\/types\/page"}],"author":[{"embeddable":true,"href":"https:\/\/www.studio33center.com\/index.php\/wp-json\/wp\/v2\/users\/1"}],"replies":[{"embeddable":true,"href":"https:\/\/www.studio33center.com\/index.php\/wp-json\/wp\/v2\/comments?post=235"}],"version-history":[{"count":12,"href":"https:\/\/www.studio33center.com\/index.php\/wp-json\/wp\/v2\/pages\/235\/revisions"}],"predecessor-version":[{"id":354,"href":"https:\/\/www.studio33center.com\/index.php\/wp-json\/wp\/v2\/pages\/235\/revisions\/354"}],"wp:attachment":[{"href":"https:\/\/www.studio33center.com\/index.php\/wp-json\/wp\/v2\/media?parent=235"}],"curies":[{"name":"wp","href":"https:\/\/api.w.org\/{rel}","templated":true}]}}